5
Let x(a) = -9*a**2 + 2*a + 2. Calculate x(3).
-73
Let x(v) = -38*v + 66. Give x(4).
-86
Let n(l) = -189*l + 1721. Give n(9).
20
Let m(v) = v**2 - 1697*v - 25684. Give m(-15).
-4
Let q(v) = -3*v**2 + 13*v - 34. Give q(-4).
-134
Let v(y) = -y**3 + 16*y**2 + 30*y - 47. What is v(18)?
-155
Let u(r) = -2*r**2 + 54*r + 144. What is u(36)?
-504
Let b(s) = 5*s**2 - 4*s - 2. Give b(0).
-2
Let s(d) = 102*d - 7015. What is s(69)?
23
Let u(r) = 9581*r - 47902. What is u(5)?
3
Let x(w) = -89*w + 2109. What is x(24)?
-27
Let k(u) = 41*u**2 + 25*u + 24. Calculate k(-1).
40
Let c(m) = 5*m**3 + 507*m**2 + 4156*m - 18. Calculate c(-9).
0
Let d(v) = -v**3 - 9*v**2 - 16*v - 121. What is d(-9)?
23
Let b(w) = 32*w**2 + 647*w + 126. Calculate b(-20).
-14
Let c(x) = x**3 + 2*x**2 + 8*x - 16. What is c(7)?
481
Let m(j) = 22*j + 138. Give m(-10).
-82
Let x(s) = -37*s + 1816. What is x(50)?
-34
Let y(m) = 293*m + 1201. Calculate y(-4).
29
Let a(b) = 6*b + 467. Give a(-87).
-55
Let c(p) = -402*p - 21. Give c(0).
-21
Let d(k) = k**2 - 67*k + 130. Give d(44).
-882
Let d(a) = a**3 - 2*a**2 + 11*a + 42. Calculate d(-4).
-98
Let z(u) = u**2 - 30*u + 90. What is z(28)?
34
Let a(q) = -q**3 + 14*q**2 - 12*q + 30. What is a(14)?
-138
Let z(q) = -q**2 + 51*q - 620. Give z(20).
0
Let n(w) = -2*w**3 - 48*w**2 - 259*w - 31. Give n(-16).
17
Let s(y) = -7*y**2 - 49*y - 25. Determine s(-6).
17
Let b(s) = 69*s**2 - 17*s + 26. What is b(2)?
268
Let o(i) = 4*i**3 + 2*i**2 + 8*i - 24. What is o(0)?
-24
Let w(l) = l**3 - 3*l**2 + 12*l - 179. Calculate w(6).
1
Let t(y) = -123*y - 989. What is t(-8)?
-5
Let h(d) = 5*d**2 + 46*d + 73. Calculate h(-6).
-23
Let u(m) = m**3 + 37*m**2 + m - 86. What is u(-37)?
-123
Let j(d) = d**3 - 13*d**2 + 78*d - 824. Determine j(12).
-32
Let n(c) = -6660*c + 26633. What is n(4)?
-7
Let f(i) = 266*i + 1592. Determine f(-6).
-4
Let p(k) = -2*k**2 - 971*k + 286700. Determine p(207).
5
Let w(y) = -169*y - 5000. Give w(-30).
70
Let y(x) = 106*x - 521. Determine y(5).
9
Let p(q) = -q**3 - 3*q - 10. What is p(4)?
-86
Let o(s) = -555*s + 5576. Calculate o(10).
26
Let f(q) = -q**2 + 151*q - 1137. Determine f(8).
7
Let q(g) = -23*g**3 - 2*g**2 + 9*g + 11. What is q(-2)?
169
Let a(h) = -h**3 + 18*h**2 - 52*h - 1. Calculate a(15).
-106
Let g(w) = 95*w**2 - 2280*w + 1. Calculate g(24).
1
Let h(w) = -w**3 - 6*w**2 - 5*w - 1. What is h(-7)?
83
Let k(j) = j**2 - 98*j + 1216. Calculate k(86).
184
Let j(k) = 8*k - 211. What is j(23)?
-27
Let s(a) = 2*a**3 - 78*a**2 - 4*a + 111. Determine s(39).
-45
Let b(c) = -c**3 + 11*c**2 - 10*c - 29. Determine b(9).
43
Let s(a) = -151*a - 1206. What is s(-8)?
2
Let p(m) = m**3 + 32*m**2 - 836*m - 137. Give p(-49).
10
Let y(h) = h**3 - 32*h**2 - 36*h + 107. Calculate y(33).
8
Let k(n) = -3*n + 78. Determine k(-4).
90
Let n(w) = w**3 - 22*w**2 + 18*w + 23. Give n(21).
-40
Let z(s) = -s**2 + 4*s + 3965. Give z(65).
0
Let l(j) = -30*j**2 + 220*j - 11. Give l(7).
59
Let a(r) = -67*r - 893. What is a(0)?
-893
Let l(r) = -7*r**2 + 89*r - 198. Calculate l(10).
-8
Let o(c) = -c**3 - 2*c**2 - 10*c - 14. Determine o(-4).
58
Let o(r) = -2*r**3 + 40*r**2 - 100*r - 17. Calculate o(17).
17
Let r(j) = 361*j + 5409. Calculate r(-15).
-6
Let v(s) = 1776*s - 7075. Determine v(4).
29
Let i(k) = -54*k + 1026. Give i(19).
0
Let w(d) = -3*d**2 + 78*d - 68. Give w(27).
-149
Let r(m) = 45*m**2 - 1170*m - 4. Calculate r(26).
-4
Let u(v) = v**2 - 4*v - 502. Calculate u(-21).
23
Let r(u) = -485*u**3 + 5*u - 4. Give r(1).
-484
Let i(h) = 1534*h + 4607. Calculate i(-3).
5
Let o(z) = -47*z**2 - 1452*z + 158. Give o(-31).
3
Let x(j) = 4*j**2 + 168*j - 87. Determine x(-42).
-87
Let z(v) = -2*v**2 + 67*v + 297. Calculate z(29).
558
Let u(m) = 529*m + 505. Calculate u(-1).
-24
Let f(d) = -8*d**2 - 97*d + 24. What is f(-11)?
123
Let c(n) = 13*n + 3459. Determine c(-266).
1
Let m(r) = -r**3 - 124*r**2 - 588*r + 831. Determine m(-119).
-2
Let s(q) = 38*q + 143. Determine s(-3).
29
Let z(l) = -228*l + 1128. Give z(5).
-12
Let x(f) = -f**3 + 5*f**2 + 235*f - 1208. Calculate x(5).
-33
Let i(v) = -113*v + 1019. What is i(9)?
2
Let v(r) = 2*r**2 + 43*r - 9. Calculate v(-14).
-219
Let r(m) = m**2 + 4*m - 14. Calculate r(-12).
82
Let p(s) = -21*s + 1123. What is p(51)?
52
Let p(a) = -a**3 + 7. What is p(3)?
-20
Let v(l) = l**2 + l - 32. Determine v(10).
78
Let i(k) = 14*k**3 - 3*k + 3. Give i(3).
372
Let b(q) = -1410*q + 8381. Give b(6).
-79
Let v(m) = -m**3 - 44*m**2 - 26*m + 706. What is v(-43)?
-25
Let t(q) = -6*q + 100. Determine t(8).
52
Let o(l) = -l**3 + 17*l**2 - 51*l + 18. Determine o(5).
63
Let q(f) = -f**2 - 6*f + 265. Determine q(-24).
-167
Let l(t) = t**2 - 13*t + 47. Give l(9).
11
Let t(z) = -z**3 + 16*z**2 - 17*z + 69. What is t(17)?
-509
Let v(y) = -79*y - 770. Give v(-7).
-217
Let d(u) = -374*u - 26172. What is d(-70)?
8
Let h(l) = -146*l + 3084. Determine h(21).
18
Let h(w) = 1463*w + 5829. Determine h(-4).
-23
Let x(b) = 3*b**3 - 77*b**2 - 17*b - 227. Determine x(26).
7
Let n(z) = 2*z**3 + 5*z**2 + 16*z + 90. Calculate n(-7).
-463
Let x(u) = u**2 - 25*u + 46. Determine x(32).
270
Let u(y) = -6*y**3 + 32*y**2 - 8*y. Calculate u(5).
10
Let t(w) = -149*w**2 + 408*w + 125. Calculate t(3).
8
Let t(p) = -339*p + 2455. Give t(7).
82
Let a(w) = w**2 - 64*w - 66. Give a(65).
-1
Let g(u) = -u**3 - 7*u**2 + 8*u - 20. Give g(-7).
-76
Let q(x) = 2*x**3 + 3*x**2 - 28*x + 89. Give q(3).
86
Let s(h) = 170*h + 12068. Give s(-71).
-2
Let b(x) = 277*x - 10. What is b(0)?
-10
Let n(o) = -4*o**2 - 12*o + 132. Determine n(5).
-28
Let u(l) = l**2 - 59*l - 33914. Calculate u(216).
-2
Let a(l) = 8*l**2 + 14*l - 3. What is a(-6)?
201
Let k(g) = g**2 + 13*g + 26. Give k(0).
26
Let q(u) = u**3 + 4*u**2 + 12*u - 3. What is q(-4)?
-51
Let v(x) = -5*x**2 - 97*x + 71. Determine v(-20).
11
Let m(p) = -16*p**2 - 10*p + 24. Give m(5).
-426
Let j(u) = -157*u - 2024. Give j(-17).
645
Let a(v) = -v**3 + 38*v**2 - 73*v + 15. What is a(36)?
-21
Let g(m) = -601*m + 2999. What is g(5)?
-6
Let g(y) = -y**3 - 37*y**2 + 534*y + 281. What is g(-48)?
-7
Let p(b) = -b**3 - 24*b**2 + 11*b + 784. Calculate p(-23).
2
Let k(z) = -z**3 - 44*z**2 - 82*z - 38. Determine k(-42).
-122
Let a(o) = -70*o + 350. What is a(5)?
0
Let r(y) = -401*y + 366. What is r(1)?
-35
Let b(i) = i**3 + 70*i**2 - 216*i - 10288. Calculate b(-71).
7
Let t(v) = v**3 - 29*v**2 - 233*v + 85. Give t(36).
769
Let d(l) = -161*l**3 + 807*l**2 - 7*l - 12. Determine d(5).
3
Let c(n) = 139*n**3 + 2*n**2 - 4*n + 1. Determine c(1).
138
Let h(n) = 2*n**2 + 40*n - 352. Calculate h(9).
170
Let v(a) = -2*a**2 + 125*a - 1832. What is v(24)?
16
Let y(h) = 6*h**2 + 192*h - 1. What is y(-32)?
-1
Let g(m) = 32*m + 438. Give g(-13).
22
Let d(l) = -3*l**3 - 65*l**2 + 247*l - 76. Determine d(-25).
-1
Let f(p) = -p**3 + 31*p**2 - 28*p - 67. Determine f(30).
-7
Let w(c) = -2*c**3 + 2*c**2 + c + 1. Give w(-1).
4
Let t(f) = -f**2 - 36*f + 335. Calculate t(-44).
-17
Let l(v) = 4*v**2 - 79*v - 1. Determine l(2).
-143
Let a(h) = 4*h**2 + 26*h + 101. Give a(-9).
191
Let s(g) = -g**2 + 66*g + 12899. Calculate s(-85).
64
Let w(k) = -2004*k - 4032. Give w(-2).
-24
Let s(c) = -c**3 - 10*c**2 - 9*c + 34. Determine s(-9).
34
Let a(f) = -f**2 - 134*f - 2546. Determine a(-111).
7
Let z(g) = -g - 192. Calculate z(-9).
-183
Let i(u) = -114*u + 1861. Give i(18).
-191
Let c(g) = -6*g**2 + 95*g - 153. Give c(14).
1
Let k(a) = 103*a + 2990. Determine k(-29).
3
Let p(b) = -b**3 - 31*b**2 - 73*b - 3377. Determine p(-32).
-17
Let l(p) = -p**3 - 30*p**2 - 74*p - 509. Give l(-28).
-5
Let f(d) = 86*d + 1816. Give f(-21).
10
Let x(n) = -n**3 + 8*n**2 + 28*n - 16. Give x(11).
-71
Let j(f) = -2*f**3 - 15*f**2 - 33*f - 254. Determine j(-8).
74
Let s(g) = 407*g - 379. Calculate s(1).
28
Let q(m) = m**2 - 17*m + 69. Calculate q(10).
-1
Let v(o) = -o**3 - 6*o**2 - 28*o - 483. What is v(-9)?
12
Let y(x) = 4*x**3 + 41*x**2 + 16*x - 25. Calculate y(-10).
-85
Let q(z) = 46*z + 16. Give q(-4).
-168
Let o(m) = -m**3 + 25*m**2 - 138*m + 11. Give o(17).
-23
Let t(n) = n**3 + 2*n**2 + 83*n - 179. Give t(2).
3
Let d(t) = 2*t**2 - 227*t + 1208. Determine d(108).
20
Let c(k) = -k**2 + 229*k - 4547. Determine c(22).
7
Let d(b) = b**2 + 30*b - 11231. Determine d(-122).
-7
Let q(t) = -57*t + 1801. Calculate q(